er?
True
Is 11677 prime?
True
Is 1388789 a prime number?
True
Is 2203 composite?
False
Is 389849 a prime number?
True
Is 9091 prime?
True
Is 31357 prime?
True
Is 3328579 prime?
False
Is 43917 a prime number?
False
Is 2214115 a composite number?
True
Is 13901 prime?
True
Is 48973 composite?
False
Is 57215 composite?
True
Is 674813 a composite number?
False
Is 1839367 a prime number?
False
Is 49759 prime?
False
Is 61219 a prime number?
False
Is 215989 a prime number?
False
Is 91007 prime?
False
Is 12827 a composite number?
True
Is 250165 a prime number?
False
Is 2729 a prime number?
True
Is 3489 a prime number?
False
Is 788483 a composite number?
True
Is 890807 composite?
True
Is 331859 prime?
False
Is 1145291 prime?
False
Is 1373135 composite?
True
Is 50047 a prime number?
True
Is 1547173 a prime number?
True
Is 135613 a composite number?
False
Is 227107 prime?
False
Is 6731 a composite number?
True
Is 57221 composite?
False
Is 52463 prime?
False
Is 297335 composite?
True
Is 1538549 a prime number?
False
Is 32297 prime?
True
Is 319745 a prime number?
False
Is 49047 a prime number?
False
Is 5945941 a composite number?
False
Is 38039 composite?
False
Is 42169 a composite number?
False
Is 2777 composite?
False
Is 824045 a prime number?
False
Is 30917 a prime number?
False
Is 17647 a composite number?
True
Is 544487 prime?
True
Is 11009 composite?
True
Is 17953 prime?
False
Is 9917 prime?
False
Is 77579 a composite number?
True
Is 13283 composite?
True
Is 11038 prime?
False
Is 21137 a composite number?
True
Is 213793 a prime number?
False
Is 83209 a prime number?
False
Is 8489 a composite number?
True
Is 8903 prime?
False
Is 4259 a prime number?
True
Is 1055 prime?
False
Is 391 prime?
False
Is 231837 a prime number?
False
Is 4727 composite?
True
Is 4835 a composite number?
True
Is 88379 composite?
False
Is 101129 composite?
True
Is 1055 prime?
False
Is 7397 prime?
False
Is 1376893 a prime number?
False
Is 205097 a composite number?
False
Is 375329 a prime number?
False
Is 3163 a composite number?
False
Is 357649 prime?
True
Is 37667 a prime number?
False
Is 191 prime?
True
Is 32259 a composite number?
True
Is 5550991 prime?
True
Is 965023 a prime number?
True
Is 789149 a composite number?
False
Is 446473 prime?
True
Is 1599191 prime?
False
Is 887 a composite number?
False
Is 44159 a composite number?
False
Is 17285 composite?
True
Is 22657 prime?
False
Is 103433 prime?
False
Is 127483 a composite number?
True
Is 793691 prime?
True
Is 25153 a prime number?
True
Is 185641 a composite number?
False
Is 6065 composite?
True
Is 17039 composite?
True
Is 771 prime?
False
Is 9733 composite?
False
Is 1783 prime?
True
Is 140711 a prime number?
False
Is 49057 a prime number?
True
Is 23143 a prime number?
True
Is 13829 a composite number?
False
Is 6663 a prime number?
False
Is 315607 a prime number?
False
Is 6185 prime?
False
Is 1573201 a composite number?
True
Is 30939 prime?
False
Is 2123123 a prime number?
True
Is 46894 prime?
False
Is 122191 composite?
True
Is 53479 a prime number?
True
Is 26947 composite?
False
Is 36647 prime?
False
Is 59183 a prime number?
True
Is 200063 composite?
False
Is 316857 prime?
False
Is 211 a composite number?
False
Is 28343 a prime number?
False
Is 97667 a prime number?
False
Is 2390495 composite?
True
Is 244943 composite?
False
Is 15089 a prime number?
False
Is 18961 a prime number?
False
Is 58 a prime number?
False
Is 96779 composite?
False
Is 417491 composite?
False
Is 529603 composite?
False
Is 9109 a composite number?
False
Is 27647 a prime number?
True
Is 264938 a composite number?
True
Is 59191 prime?
False
Is 81311 prime?
False
Is 413963 a prime number?
False
Is 311153 prime?
True
Is 19597 a composite number?
False
Is 23451 a prime number?
False
Is 5855 a prime number?
False
Is 1772023 a prime number?
False
Is 1329 prime?
False
Is 244879 prime?
False
Is 30949 a composite number?
False
Is 249667 prime?
False
Is 30829 prime?
True
Is 8065 a composite number?
True
Is 4223 composite?
True
Is 4399 prime?
False
Is 398767 composite?
True
Is 4140595 prime?
False
Is 338333 composite?
True
Is 29329 composite?
True
Is 21059 a composite number?
False
Is 382021 composite?
False
Is 548061 composite?
True
Is 5317619 composite?
False
Is 45161 a prime number?
True
Is 389379 prime?
False
Is 18217 a prime number?
True
Is 150485 prime?
False
Is 51977 a prime number?
True
Is 46433 composite?
True
Is 1649 a composite number?
True
Is 337373 prime?
False
Is 18679 prime?
True
Is 19739 prime?
True
Is 340763 a prime number?
False
Is 352883 composite?
False
Is 193334 composite?
True
Is 100483 composite?
False
Is 40343 a prime number?
True
Is 11665 a prime number?
False
Is 58391 composite?
False
Is 5713 prime?
False
Is 26227 composite?
False
Is 801478 a prime number?
False
Is 20647 a composite number?
True
Is 16757 composite?
True
Is 5333 prime?
True
Is 2007031 composite?
True
Is 2833 a prime number?
True
Is 8887 prime?
True
Is 275698 a prime number?
False
Is 287849 prime?
True
Is 3163 a prime number?
True
Is 24613 composite?
True
Is 64073 a prime number?
False
Is 146203 prime?
True
Is 31883 a composite number?
False
Is 2809619 a prime number?
True
Is 64319 a composite number?
False
Is 246151 composite?
False
Is 22817 a prime number?
True
Is 1305869 a prime number?
True
Is 426613 prime?
False
Is 17327 composite?
False
Is 2629 a prime number?
False
Is 16141 composite?
False
Is 193661 composite?
True
Is 2092579 prime?
False
Is 85471 a prime number?
False
Is 28733 prime?
False
Is 53491 prime?
False
Is 304193 a prime number?
True
Is 15233 prime?
True
Is 3587 composite?
True
Is 278723 a composite number?
True
Is 4411 prime?
False
Is 4853 a prime number?
False
Is 5435 composite?
True
Is 47473 a prime number?
False
Is 58085 a composite number?
True
Is 75233 prime?
False
Is 25657 composite?
False
Is 6995 a composite number?
True
Is 223463 a prime number?
True
Is 653357 a composite number?
False
Is 4791 composite?
True
Is 41333 a prime number?
True
Is 911 a prime number?
True
Is 1965739 composite?
True
Is 7073 a composite number?
True
Is 391273 a composite number?
False
Is 6563 a composite number?
False
Is 417101 a composite number?
True
Is 21631 prime?
False
Is 46261 a composite number?
False
Is 4165267 prime?
True
Is 1646 prime?
False
Is 4373 a prime number?
True
Is 12574 composite?
True
Is 3570185 a composite number?
True
Is 73522 a composite number?
True
Is 393307 a composite number?
True
Is 1423 a composite number?
False
Is 214793 a prime number?
False
Is 3449209 a composite number?
False
Is 10831 composite?
False
Is 50681 composite?
True
Is 4547 prime?
True
Is 18583 composite?
False
Is 35143 a composite number?
True
Is 3178591 a prime number?
False
Is 143659 prime?
False
Is 80609 a prime number?
False
Is 996787 prime?
False
Is 410906 a composite number?
True
Is 17606 composite?
True
Is 4613 a prime number?
False
Is 318377 composite?
False
Is 771 prime?
False
Is 2191481 prime?
False
Is 48637 a composite number?
True
Is 6521 prime?
True
Is 31838 a composite number?
True
Is 2150777 a composite number?
False
Is 84583 prime?
False
Is 66259 a prime number?
False
Is 140639 a composite number?
False
Is 394619 prime?
True
Is 3386 a composite number?
True
Is 506795 prime?
False
Is 147619 a composite number?
True
Is 11233 composite?
True
Is 396523 prime?
True
Is 16603 a composite number?
False
Is 483853 a prime number?
True
Is 15815 a prime number?
False
Is 298153 composite?
False
Is 4265 prime?
False
Is 6893 a prime number?
False
Is 2521 composite?
False
Is 6197 composite?
False
Is 288107 prime?
False
Is 16921 prime?
True
Is 83431 composite?
False
Is 19631 a prime number?
False
Is 41707 a prime number?
False
Is 7123 prime?
False
Is 27407 prime?
True
Is 356513 a prime number?
False
Is 2099 prime?
True
Is 10151 a composite number?
False
Is 337 composite?
False
Is 2721 a prime number?
False
Is 106591 prime?
True
Is 11207 composite?
True
Is 21662 prime?
False
Is 5099 composite?
False
Is 1991 composite?
True
Is 10327 a composite number?
True
Is 233509 composite?
False
Is 34469 a prime number?
True
Is 86239 a prime number?
True
Is 57973 composite?
False
Is 883307 a prime number?
True
Is 284719 composite?
True
Is 9599 prime?
False
Is 1637 prime?
True
Is 7054 a com